
Let j(y) = 3*y**3 - y**2 + 1. Suppose 2*s + 21 = -s. Let a = 11 + s. Suppose 1 = a*f - 3. Calculate j(f).
3
Let b(n) = -n**3 + 9*n**2 + 2*n - 5. Suppose 7*w + 3*l - 45 = 2*w, 0 = -4*w + 3*l + 36. Determine b(w).
13
Let r = 1 - -3. Let n(a) = 6*a**3 - r*a - 3*a**3 + 5*a. Suppose 7*t - 9 = 11*t + 5*b, 4*b = -4*t - 8. Give n(t).
-4
Let q(j) = 7*j. Suppose -4*m - 7 = 1. Give q(m).
-14
Let q(k) = -2*k + 4. Let s = 34 + -31. Suppose -s = 2*f - o - 7, 0 = 5*o - 10. Give q(f).
-2
Let r(d) be the second derivative of d**4/6 - d**3/2 - 3*d**2/2 - 7*d + 3. Suppose 3*g = -6 + 18. Calculate r(g).
17
Let m(i) = 5 + 2*i - 2*i + i - i**3 + 7*i**2. Suppose -s - 3 = -5*x, -4*s + 6*s = 4*x - 6. Let o be x + (-3 - -1) - (-17 - -8). What is m(o)?
12
Suppose t = -5*o + 10, 0*o - 1 = 4*o - t. Let n(u) = -6*u**2 + 5*u - 6. Determine n(o).
-7
Let f(p) = -3*p - 32. Let y(h) = 6*h + 68. Let t(z) = 5*f(z) + 2*y(z). Give t(-6).
-6
Let c be (-9)/(-12)*56/21. Let i(d) = -4*d + c*d - 2*d**2 + 4 + 4*d. What is i(4)?
-20
Let p be (-230)/(-26) + 42/273. Let n(w) = p*w - 3*w + 7 - 5*w. Suppose -9 + 3 = f. What is n(f)?
1
Let s(a) = a**2 - 14*a + 13. Let t be (2470/(-475))/((-2)/5). Give s(t).
0
Suppose 3 = -3*m - 54. Let x = m + 25. Let g(s) = s**2 - 6*s - 1. Determine g(x).
-1
Let s(k) be the first derivative of -k**5/20 - k**4/3 + 2*k**2 + 5*k + 14. Let j(p) be the first derivative of s(p). Give j(-4).
4
Suppose r - 164 = -3*r. Let i = 42 - r. Let a(y) = 14*y**2. Calculate a(i).
14
Let q(r) = -2*r**2 - 2*r - 3. Suppose -5*f - 14 = -7*f - 5*t, 2*f + 22 = 4*t. Determine q(f).
-15
Let w(y) be the third derivative of -y**5/60 - y**4/8 - y**3/3 - 31*y**2. Calculate w(-4).
-6
Let h(s) = 48 - 18 + s - 32. Give h(-2).
-4
Let p(m) = -2*m + 4. Let t(f) = -f**3 + 2*f**2 + 5*f - 10. Let v be -2*(-4)/((-8)/(-3)). Let d be t(v). Determine p(d).
12
Let k be 8*4/4 + -7. Let c(w) be the third derivative of -w**7/5040 + w**6/720 - w**5/60 + w**2. Let z(r) be the third derivative of c(r). Determine z(k).
0
Let r be (17 - 16) + (2 - 1). Let y(p) = p - 15*p**2 + 3*p**2 + 11*p**r. Give y(1).
0
Let c(v) = v**3 + 6*v**2 + 3*v + 12. Let m be c(-5). Let s = 20 - m. Let z(t) = 3*t + 1. What is z(s)?
-5
Let k = -76 + 78. Let b(h) be the third derivative of 0 + 1/6*h**4 + 0*h + 4*h**k - 1/20*h**5 - 1/3*h**3. Give b(2).
-6
Let n be (-34)/6 - 6/(-9). Let b(y) be the first derivative of -y**3/3 - 5*y**2/2 + 4*y + 867. Calculate b(n).
4
Let x(a) = -6*a**3 - a**2 + 1. Let q be (1/2)/((-4)/(-16)). Suppose 2*z + q = -0. Give x(z).
6
Let a = 2 - 1. Suppose 5 = -u + 9. Let y(r) = -r + a + r**2 + 1 - 3 + u. Determine y(0).
3
Let b(h) = -4*h**2 + h + 1. Suppose -42 = -5*l + 13. Let g(i) = 2*i**2 - 4*i + 2. Let k be g(3). Suppose k*t = l*t + 3. Determine b(t).
-4
Let c(i) = -220*i + 877. Let y be c(4). Let u = -1 - -5. Let p(z) = -1 + 2 - 3 - u*z. Give p(y).
10
Let g be (-2)/(-6) + (-174)/9. Let u = g + 50. Let z(p) = -u + 7*p - 2*p + p**3 + 35 - 6*p**2. Give z(5).
4
Let g(d) = d - 11. Let x(v) = -v**3 - 5*v**2 + 3*v + 6. Let a be x(-5). Suppose 21 = 22*p + 219. Let t = p - a. Give g(t).
-11
Let t be (4 - 0)*5/(-4). Let x(y) = 8*y + 18. Let n(k) = 2*k + 5. Let c(z) = -7*n(z) + 2*x(z). Calculate c(t).
-9
Let u(j) = 9*j + 1. Let i be (12/54*-3)/(1/(-3)). What is u(i)?
19
Let j(v) = -v**2 + 10*v - 5. Suppose -4*i = 2*u + 10, i + 10 = -5*u + 6*i. Let g = u - -12. Determine j(g).
4
Let d(r) = 12*r**2 + 16*r - 4. Let t(i) = -17*i**2 - 24*i + 5. Let m(x) = -7*d(x) - 5*t(x). Let z(j) = -4*j + 3. Let k be z(2). Give m(k).
-12
Let z(a) be the first derivative of -a**4/4 + 10*a**3/3 - 5*a**2 - 8*a - 42. What is z(8)?
40
Let k(r) = r**2 + 5*r + 3. Let d(p) = -13*p - 124. Let u be d(-9). Calculate k(u).
17
Let j(o) = -9*o**2 - 3*o - 4. Let v(z) = 7*z**2 + z + 5. Let l(i) = -2*j(i) - 3*v(i). Give l(3).
-25
Let r be 2*(2 + -3)*2. Let f(d) = -d**3 + d - 1. Let v(a) = 6*a**3 + 3*a**2 - 9*a + 6. Suppose -4*q - 20 = -0*q. Let z(s) = q*f(s) - v(s). What is z(r)?
-1
Let d be (-122 + 120)/((-19)/(-17) - 1). Let u(s) = -s**3 + 7*s**2 - 6*s - 2. Let y be u(5). Let c = d + y. Let o(h) = 2*h**3 + h**2 - 1. What is o(c)?
2
Let d be 0/(-1)*(-1)/(-2). Let p be 198/27*(-6)/(-4). Let y(o) = -5 - o**2 - p - 2*o**3 + o + 3*o**3. What is y(d)?
-16
Let h = 174 - 180. Let g(f) = -f**3 - 5*f**2 + 8*f - 4. Determine g(h).
-16
Let p(y) = 83*y**2 - 10*y - 166*y**2 + 7 + 84*y**2. Calculate p(10).
7
Suppose 0 = 2*x - 0*x - 10, -5*v + 5*x = 20. Let z(j) = j**2. Calculate z(v).
1
Suppose 0 = -5*c - 21 - 9. Suppose 5*v - 5*p - 25 = 0, 0 = -p - 2*p - 9. Let l(d) = d**3 + 34 + 5*d**v - 8 - 10 - 6*d - 8. What is l(c)?
8
Let y(a) be the second derivative of -a**5/20 - 7*a**4/12 - a**3/2 + 4*a**2 - 12*a. What is y(-6)?
-10
Let a = -47 + 51. Let j(q) = 5 - 7*q + 13*q - a*q - q. Give j(-5).
0
Let o(u) be the third derivative of -u**6/120 - 11*u**5/60 - 13*u**4/24 + 3*u**3/2 + 3*u**2 + 62*u. What is o(-10)?
39
Let r(g) = 15*g**3 - g**2 - 5*g. Let u(c) = -15*c**3 + c**2 + 4*c. Let f be ((-45)/1)/5 - 0. Let v = f - -14. Let q(o) = v*r(o) + 6*u(o). Calculate q(1).
-15
Let l(w) = 0*w**3 + 8*w**2 + 6*w**3 - 5*w**3 - 1 + 3*w + 4*w. Determine l(-7).
-1
Suppose -11*l - 11 = -0*l. Let g be (5 + (5 - 7))/(l/2). Let c(u) = 5*u + 0*u + 2*u**2 - 6 - u**2. What is c(g)?
0
Let v(h) = h**2 - 7*h - 5. Let z be v(8). Let f(w) = -w + 3. Let o(l) = 2*l - 5. Let d(x) = z*o(x) + 5*f(x). Calculate d(-3).
-3
Let n(t) = 12*t - 121. Suppose -33*k - 10 = -35*k, -5*k = -l - 15. Determine n(l).
-1
Let n = 693 + -687. Let r(w) = w**3 - 7*w**2 + 7*w - 3. Determine r(n).
3
Let w(t) = t**2 + 7. Let g(n) = -7*n + 11. Let o be g(4). Let b be o/(-85) - 2/10. Determine w(b).
7
Let s(b) = -b**2 - 4*b + 3. Let a = 7 + -7. Suppose -2*j + a*n = -5*n + 10, -2*n = -5*j - 25. Calculate s(j).
-2
Let s(y) = -61*y**3 + 4*y**2 + 32*y**3 + 30*y**3 - 3*y + 4. Determine s(-5).
-6
Suppose k + 1 = -1. Let h(s) be the first derivative of -s**2 + 0*s - 1/3*s**3 + 46. Give h(k).
0
Let p(h) be the first derivative of -5*h**4/12 + h**3/2 + 3*h**2/2 - 7*h + 25. Let g(t) be the first derivative of p(t). Determine g(-2).
-23
Suppose -4*n = -3*p + 10, 4*p + 6 = 2*n + 16. Let b(r) = 39*r - 19*r - 1 - 18*r. Give b(n).
-3
Let h(f) = -8*f + 49. Let s be h(6). Let a(v) = 8*v**3 + v**2 - 2*v + 1. Determine a(s).
8
Let y(f) = f**2. Suppose 0 = -5*n - 73 - 22. Let s = -9 - n. Suppose 0 = 2*a + 4*g + 8, 3*a - 2*g - s = a. What is y(a)?
4
Let i(c) = 2*c**3 + c**2 - 3*c. Let y be (-48)/(-8)*(-2)/6. Let a be i(y). Let j(q) = q**3 + 7*q**2 + 6*q - 2. Give j(a).
-2
Let w(s) = -17*s**2 + 47*s - 3. Let t(p) = -12*p**2 + 32*p - 2. Let b(r) = -7*t(r) + 5*w(r). What is b(9)?
17
Let t(g) = -168 + 340 - 10*g - 170. Give t(-2).
22
Let s(q) = 568*q**2 - 306*q**2 - 312*q**2 + 1. Calculate s(1).
-49
Let o(t) = -3*t - 9. Suppose 0*m - 2 = -m + y, 3*m + 3*y = 6. Suppose 2*w + s - 2 = 3*w, -m*w = -s + 8. Determine o(w).
9
Suppose -t = s, -5*s - 15 = -3*t + 1. Let z(l) = 2 - l**2 + 5*l**2 - l**3 + 0*l**t + 3*l**2 - 2*l. Give z(7).
-12
Let l(b) = b**3 + 5*b**2 - 7*b + 4. Let t be 9/6 - (-1 + (-7)/(-2)). Let o be (t - (12 + -4)) + (2 - -1). Calculate l(o).
10
Let x be (385/(-22) - -18) + 2/(-4). Let i(y) be the second derivative of -7/3*y**3 + x*y**2 + 0 - 9*y. Give i(1).
-14
Suppose 201*v = 193*v. Let x(n) = n**2 - 2*n + 4. Calculate x(v).
4
Let w(a) be the second derivative of -a**4/12 - 5*a**3/2 + 39*a**2/2 + 267*a. Determine w(-17).
5
Let u(d) = -d**2 - 18*d + 20. Let y(w) = -w**2 - 17*w + 19. Let b(r) = 5*u(r) - 6*y(r). Give b(-13).
-1
Let f(k) be the first derivative of k**5/60 - k**3/6 + 9*k**2/2 + 1. Let t(a) be the second derivative of f(a). Calculate t(-3).
8
Let c = 4 - -3. Let b be (-44)/c - 2/(-7). Let r(j) be the third derivative of -j**4/24 - j**3/3 - j**2. Determine r(b).
4
Let x(f) = f - 5. Let c(w) = -3*w**2 - 81*w + 11. Let p be c(-27). Give x(p).
6
Let f be 0 + (-28)/2*1. Let d(v) = v**3 + 15*v**2 + 15*v + 7. Let n be d(f). Let l(o) = -o - 1. What is l(n)?
6
Let f(g) = -11*g - 10. Let k(q) = 4*q - 1. Let j(o) = -f(o) - 4*k(o). Determine j(3).
-1
Let q(k) = -5*k**2 + 2*k - 28. Let i(s) = s**2 - s + 4. Let n(d) = 6*i(d) + q(d). Let j be (-1 - (0 + -2))*4. Give n(j).
-4
Let p(z) = -4*z + 5. Let c = 175 + -180. Determine p(c).
25
Let m(l)